test common factor of h and x?
1
Suppose -5*r + 414 = 5*b - 36, b = 5*r + 60. Calculate the greatest common divisor of b and 51.
17
Let n be 8/88 + (-7620)/(-33). What is the greatest common factor of 21 and n?
21
Suppose 2*t = 5*s - 1881, -2536 = -5*s + 5*t - 646. Calculate the greatest common divisor of 15 and s.
15
Let q be 282/22 + 4/22. Let r(n) = -n**3 - 2*n**2 - 11*n - 13. Let b be r(-6). Let f = b - 106. Calculate the highest common factor of q and f.
13
Let d be (-16)/12*105/(-10). Let x(o) = 2*o - 11. Let j be x(13). Let y be -35*(1 + (-33)/j). What is the greatest common divisor of y and d?
14
Let h = -10 + 0. Let b be 9/15 + (-74)/h. Suppose 0*m - 2*m + 3*v = -b, 3*m + 5*v - 50 = 0. What is the greatest common factor of 110 and m?
10
Let t = 1231 - 1215. Calculate the greatest common divisor of 68 and t.
4
Let l(z) = 44*z**2 + 5*z + 25. Let k be l(5). Calculate the greatest common factor of k and 46.
46
Suppose -3*u = 4*b - 88, -3*b = -5*u - 10 - 56. What is the highest common factor of 22 and b?
22
Suppose -13*b + 0*b + 7072 = 0. Calculate the greatest common divisor of b and 32.
32
Let z = -118 - -470. Calculate the greatest common factor of z and 110.
22
Let a(k) = k**3 - 38*k**2 - 2*k + 93. Let n be a(38). Calculate the highest common divisor of n and 17.
17
Let o(v) = 2*v + 2*v**2 - 5 - v + 19. Let j be o(-6). What is the greatest common divisor of 10 and j?
10
Suppose -513*b + 521*b = 352. Calculate the highest common factor of 605 and b.
11
Suppose -849 + 140 = -4*r - 5*j, -4*j = -2*r + 348. Let o be 4/(-2)*(-3 + 35/(-14)). What is the highest common factor of r and o?
11
Let b(z) = -29*z**3 + z**2 - 2. Let h be b(-1). Calculate the greatest common factor of h and 184.
4
Let w(z) = 382*z - 288. Let u be w(2). What is the greatest common divisor of u and 28?
28
Suppose 4*y - 14 = 6. Let j be -1*(-3 + -5 + -37). Calculate the greatest common divisor of j and y.
5
Let f(j) = 2 + 2*j + 13 - 17. Let y = 5 + -2. Let d be f(y). What is the greatest common factor of 32 and d?
4
Suppose -4*v - 170 = -5*q, -3*q - 6*v + 7*v + 95 = 0. Calculate the greatest common factor of 48 and q.
6
Let u(x) = -x**2 - 8. Let o be u(6). Let c = 61 - o. Let n = 1856 - 1814. What is the highest common factor of n and c?
21
Let o be 0/(-7) - 16*1. Let a = -5 - o. Calculate the greatest common factor of a and 121.
11
Suppose -3*w + j + 800 = -3*j, 2*j - 1290 = -5*w. What is the greatest common factor of 20 and w?
20
Let t = -23 + 26. Suppose -2 = t*y + 43. Let r be ((-48)/y)/((-6)/(-105)). Calculate the highest common divisor of 140 and r.
28
Suppose 104*b - 100*b = -372. Suppose 0*c + 4*f + 760 = 4*c, 2*c + 4*f = 350. Let o = b + c. What is the highest common divisor of 23 and o?
23
Suppose 4*t = 4*m - 12, 4*m + 5*t = 8*t + 17. What is the greatest common divisor of m and 424?
8
Let p(f) be the first derivative of f**4/4 + 7*f**3/3 - f**2 - f - 37. Let l be -2*(14/4 + 0). Let r be p(l). What is the highest common divisor of r and 52?
13
Suppose -2*z + 10 = 0, 257 - 72 = 2*r + 3*z. What is the greatest common divisor of 17 and r?
17
Let d(r) = r**2 - 28*r + 15. Let y be d(13). Let x be (-24)/y + 298/15. Calculate the highest common divisor of x and 10.
10
Suppose 3 = -2*k + 3*v, 2*k - 6*k + 3 = -3*v. Suppose -k*i = -5*j + 275, 2*i - 3*i = 4*j - 203. Calculate the greatest common factor of j and 13.
13
Suppose -11*n + 648 = 164. Calculate the greatest common factor of n and 4.
4
Let c(m) = 5*m**3 - 5*m**2. Let f be c(2). What is the greatest common divisor of 35 and f?
5
Suppose 2*p + 0*y - 1326 = -5*y, y = 2*p - 1314. What is the greatest common factor of p and 94?
94
Let f be 10/120 + (-118)/(-24) - -149. Calculate the highest common factor of f and 374.
22
Let b = -14 + 50. Suppose 1224*s = 1219*s + 20. Calculate the highest common factor of s and b.
4
Let r = 128 - 116. Let c be (-1)/(-3) - (-33)/9. What is the highest common divisor of c and r?
4
Let v be (-472)/(-4)*(-4)/(-8). Let d = v - 23. What is the highest common factor of d and 54?
18
Suppose -348 + 243 = -5*j. Calculate the highest common factor of 141 and j.
3
Suppose -4*f = z - 667, 3*f + 29*z - 529 = 34*z. Calculate the highest common divisor of f and 24.
24
Let t = -61 + 87. Let b be 4*-3*10/(-12). Let u be (b/15)/((-2)/(-858)). What is the highest common divisor of u and t?
26
Let j(x) = x**2 + 7*x - 116. Let m be j(-20). What is the greatest common factor of 27 and m?
9
Suppose -16*s + 3819 = 1099. Calculate the highest common divisor of s and 10.
10
Let q be -3 + 4 + -8 + -2. Let j(t) = -9*t - 9. Let w be j(q). What is the highest common divisor of w and 8?
8
Let d(n) = -n**2 - 12*n - 6. Let j be d(-10). What is the greatest common factor of 686 and j?
14
Let r = 33 + 32. Let c be (58/(-261))/(6/(-2106)*3). Calculate the greatest common factor of c and r.
13
Suppose -q + 3*l + 7 = 0, -2*l - 44 = -4*q + 14. Calculate the highest common divisor of 304 and q.
16
Let t(j) be the third derivative of j**5/20 - j**4/2 - 7*j**3/6 - 15*j**2. Let r be t(6). Calculate the highest common factor of r and 29.
29
Let y be (16/5 + -2)/(12/120). Let o be 45 + 8/y + 22/(-6). What is the highest common divisor of 63 and o?
21
Let t = 1007 + -995. Let f(z) = -47*z + 4. Let n be f(-4). Suppose 3*q + 48 = n. Calculate the highest common factor of q and t.
12
Let u be -5*7/(-105)*45. Calculate the greatest common divisor of 165 and u.
15
Let a(m) = -m**2 + 14*m - 11. Let t be a(11). Suppose t - 2 = 5*c. What is the highest common divisor of 12 and c?
4
Let d(m) = m**3 + 4*m**2 - 11*m + 12. Let l be d(-6). Suppose 0 = -2*v + l, -v = -h + 37 + 16. What is the highest common divisor of 8 and h?
8
Let i be (-7 + 6)/((-2)/(-8)). Let l = -2 - i. What is the greatest common factor of 10 and l?
2
Suppose -2*m + 627 + 1965 = -4*f, -4*m - 2*f + 5184 = 0. Suppose -13*g = 5*g - m. Calculate the greatest common divisor of 96 and g.
24
Let o = 80 + -70. Let i = -3 + 5. Let r(v) = 9*v - 3. Let y be r(i). Calculate the highest common factor of y and o.
5
Let p(a) = a**3 - 6*a**2 + 2*a + 2. Let l = -8 - -14. Let g be p(l). Calculate the greatest common factor of 42 and g.
14
Let j(b) = -44*b + 38*b + 5*b**2 + 14 - 4*b**2. Let r be j(14). Calculate the greatest common factor of 14 and r.
14
Let n(o) = -o**2 + 15*o + 4. Let q(l) = 3*l**2 - 44*l - 13. Let z(b) = -17*n(b) - 6*q(b). Let m be z(8). What is the highest common divisor of m and 24?
6
Let j = -2652 + 2797. Calculate the greatest common divisor of j and 696.
29
Let k(r) = -r**3 - 7*r**2 - 23*r - 21. Let u be k(-5). Calculate the greatest common divisor of u and 154.
22
Let u(o) = 9*o**2 + 4*o - 5. Let c be u(3). Let i(q) = -2*q**2 + 3*q + 6. Let a be i(5). Let b = a + 40. What is the greatest common divisor of c and b?
11
Suppose 13*t + t = -784. Let y = t - -76. Let i = 79 + -49. Calculate the greatest common divisor of y and i.
10
Let m(a) = 5*a - 4*a + 42 - 2*a**2 + 3*a**2. Let t be m(0). Calculate the highest common divisor of 56 and t.
14
Let a = -22 - -29. Let s(w) = w**2 + 15*w + 11. Let k be s(a). Calculate the greatest common divisor of 15 and k.
15
Let w = -6 - -12. Let p = w + 46. Suppose 0 = -c + i + 14, -3*c - 30 = -5*c + 4*i. Calculate the highest common divisor of p and c.
13
Let l be (25/(-3))/(1/(-15)). Let u(o) = 4*o**2 + o - 1. Let w be u(-1). Suppose w = x - 48. What is the highest common divisor of l and x?
25
Let p = -14 - -62. Let b = p + -47. What is the greatest common divisor of 8 and b?
1
Let f = -13 - -9. Let y(u) = -3*u + 3. Let c be y(f). Suppose -c*j - 84 = -18*j. Calculate the greatest common factor of 70 and j.
14
Suppose -b = 5*j + 10 - 299, -j + 49 = -2*b. Calculate the greatest common factor of 456 and j.
57
Let u = 24 + -38. Let d(c) = 2*c**2 + 26*c - 24. Let o be d(u). What is the highest common divisor of 8 and o?
4
Let r be (-9)/((-54)/(-24)) + 6. Let a be (15/(-6))/(r/(-44)). Let c(i) = -21*i + 1. Let u be c(-1). Calculate the highest common divisor of a and u.
11
Let z = 23 - -12. Let q = 63 - z. Suppose -q = -3*t + 2. Calculate the greatest common factor of t and 30.
10
Suppose f = -3*f + 76. Let i(u) = 6*u**3 - 13*u**2 + u - 10. Let a be i(3). Calculate the highest common divisor of f and a.
19
Let r(g) = -234*g**2 + 227